 = 2*f - f + 3. Suppose -4*b + 0*b + 2*p + 28 = f, 2*p = 5*b - 35. Let h = b + 63. What is the greatest common divisor of h and 28?
14
Let x(w) = w**3 - 11*w**2 + 11*w - 5. Let y be x(10). Suppose -4*k = -25 + y. Calculate the greatest common divisor of k and 2.
1
Suppose -5*i + 80 + 6 = 2*o, -3*o + 9 = 0. Let r(w) = 21*w**3 - 2*w**2 + w. Let m be r(1). Let z = m + 12. What is the highest common divisor of z and i?
16
Suppose 0 = 4*a + 4*o - 12, -5*a = -2*o + 6*o - 17. Suppose -4*g = -i - 100, -4*g + a*i = -26 - 58. What is the greatest common divisor of g and 13?
13
Let y = 141 - -227. Calculate the highest common factor of y and 46.
46
Let b = 9 + 3. What is the highest common divisor of b and 18?
6
Let o be 6/(-27) - 303/(-27). What is the greatest common divisor of o and 44?
11
Let q(p) = -p**2 + 14*p + 19. Let x be q(11). Calculate the greatest common divisor of x and 78.
26
Let l(c) = -c**3 + 42. Let w = 1 - 1. Let y be l(w). Let q = -134 - -140. Calculate the greatest common factor of y and q.
6
Let k be (1/1)/((-2)/(-286)). Let w be (2 + -7)/(2 + -3). Suppose -w*v + 28 + 27 = 5*z, 5*v = 4*z + 73. What is the greatest common divisor of k and v?
13
Suppose -5*h + 0*h + 45 = 0. Let k = -1 - 1. Let t be (-3)/((k + -1)/9). Calculate the highest common divisor of t and h.
9
Suppose 2*a + p - 84 = 0, -2*p = -5*a - 73 + 265. Calculate the greatest common factor of a and 10.
10
Suppose -4*f = -0*f - 8. Suppose -3*a = 0, 3*a - 18 = -f*n + 8. Let p be 1 + -64*(-1 + 0). What is the greatest common divisor of n and p?
13
Let o be (-528)/(-18) + (-2)/(-3). Calculate the highest common divisor of o and 6.
6
Let u(n) = -n**3 + 8*n**2 - 6*n - 10. Let l be u(7). Let j be (-4 + l)*(-3 + 0). Let v = -17 + 24. Calculate the highest common divisor of j and v.
7
Suppose -2*i - 51 = -5*i. What is the greatest common divisor of 34 and i?
17
Let j = -3 + 11. Calculate the highest common factor of j and 36.
4
Let w(y) = 13*y**2 + y + 1. Let d be w(2). Suppose -53 = -4*a + 3*r, 2*r = 4*a - 0*r - 50. What is the greatest common divisor of a and d?
11
Let d(w) = -w**3 - w**2 - w + 2. Let m be d(-3). Suppose 0 = 4*o - m - 5. What is the highest common divisor of o and 14?
7
Suppose 2*k - 5*g + 2 = -9, 2*g = -3*k + 31. Suppose 0 = r - 4*w - 22, k = -2*w - 3. Suppose 23 + 37 = r*i. Calculate the highest common divisor of i and 6.
6
Let z be (-15)/9*(-5 + -82). Calculate the greatest common divisor of 29 and z.
29
Suppose -14 = -5*d + 151. Suppose -2*r + 3*r = 3. Calculate the highest common factor of r and d.
3
Suppose 17*s - 16*s = 209. What is the greatest common divisor of s and 19?
19
Let u be -2 - -173 - (7 + -4). Calculate the greatest common divisor of 24 and u.
24
Let p(d) = 6*d + 1. Let u be p(2). What is the highest common divisor of u and 13?
13
Let k(c) = c**2 + c + 2. Let f be k(-1). Suppose 51 = h + 2*h - 5*o, -2*h + 2*o = -38. Calculate the highest common divisor of h and f.
2
Let y be -55*2*(-8)/10. Suppose -5*g = -g - y. What is the highest common factor of 33 and g?
11
Suppose 5*g - 5 = 4*g. Suppose 3*l = 2*y - 0*y + 58, 0 = 2*l + g*y - 26. Calculate the highest common factor of 90 and l.
18
Suppose 11*m - 3329 = -942. What is the highest common divisor of 31 and m?
31
Suppose 0*n = n + 4, 2*n - 586 = -3*a. Suppose 0*m + a = 2*m. Calculate the highest common divisor of m and 11.
11
Let x be (-16)/(-3) + 28/(-21). Suppose 0 = u - x*d + 12, -u - u = 3*d - 20. Calculate the greatest common divisor of 12 and u.
4
Suppose 0 = -2*i - 4*w + 348, -4*w - 32 = i - 204. Calculate the highest common factor of 22 and i.
22
Let w = 10 - 4. Let a(v) = v - 4. Let b be a(w). Calculate the highest common factor of b and 3.
1
Suppose d = -2*d + 765. Suppose i = 257 + 102. Let j = i - d. Calculate the highest common divisor of 13 and j.
13
Let y = 59 - 36. Suppose 2*u - y - 7 = 0. Let a(z) = z**2 - 7*z - 13. Let v be a(9). What is the greatest common factor of u and v?
5
Let v be (-128)/(-56) - (-4)/(-14). Suppose q - 1 = w, v = -2*q + 3*q. What is the greatest common divisor of 11 and w?
1
Let o(f) = -f**2 - 10*f. Let z be o(-9). What is the highest common divisor of 27 and z?
9
Suppose -71 = -5*m - 2*c + 35, 5*m - 85 = 5*c. Let p = 93 + -63. What is the highest common divisor of p and m?
10
Let n = 33 - 22. What is the greatest common factor of 55 and n?
11
Suppose 7*v - 18 = 17. Calculate the highest common divisor of v and 40.
5
Let d = 321 - 217. Let j be (156/9)/((-4)/(-6)). Suppose -p - p + j = 0. Calculate the greatest common divisor of p and d.
13
Let i be (-1)/5 + (-72)/(-10). Let v be i/(-2 + (-5)/(-2)). What is the greatest common factor of v and 140?
14
Let j = 9 + -6. Let h(g) = 4*g + 3. Let b be h(j). Let p be 4/(-26) + (-2680)/(-520). Calculate the highest common factor of p and b.
5
Suppose -133 = -8*f + f. Calculate the greatest common factor of 19 and f.
19
Let l = 106 + -78. Calculate the highest common factor of l and 252.
28
Let x be -15*((-11)/3 + 3). Let m be 8/20 - (-126)/x. What is the greatest common factor of m and 104?
13
Let j = -19 + 10. Let c = 17 + j. Calculate the greatest common factor of c and 64.
8
Let k be 3/2*32/(-6). Suppose x - 11 = 2*x. Let u = k - x. What is the greatest common factor of 24 and u?
3
Suppose o - 60 = 6*o. Let y = o + 26. Calculate the greatest common divisor of y and 2.
2
Let x be 69/15 - (-2)/5. Let o = -4 + x. Suppose 0 = -i - o + 6. Calculate the highest common divisor of 10 and i.
5
Suppose -5*c + 11 + 11 = -4*t, -2*c - t + 1 = 0. Let b be 24/(-15)*(-20)/c. What is the highest common factor of 4 and b?
4
Let j(r) = -r - 1. Let f be j(-7). What is the highest common factor of 54 and f?
6
Suppose 2*g - 64 = -3*b - 2*g, 5*b + 5*g - 105 = 0. What is the greatest common divisor of b and 50?
10
Let k be 4/10 - (-68)/5. Suppose -27 = -5*f + 5*p + 78, -p = -4*f + 84. Calculate the highest common factor of f and k.
7
Suppose -7*r + 532 = -0*r. Calculate the highest common divisor of r and 57.
19
Let k(n) be the third derivative of n**6/120 + n**5/10 - n**4/24 - n**3/3 - 3*n**2. Let d be k(-5). Calculate the highest common factor of d and 42.
14
Suppose -o - 3*p + 61 = 0, -215 = -6*o + 3*o - p. Suppose 3*x = -6 - 6, 3*h - 158 = 5*x. Let u = o - h. What is the highest common factor of u and 27?
27
Suppose 5*f + 1 = -3*b + 20, 5*b - 5 = -3*f. Let o = -1 + f. Suppose 73 = o*w - 3*a, -4*a = -a - 15. Calculate the greatest common divisor of 55 and w.
11
Let o(l) = l**3 + 7*l**2 + 4*l - 7. Let p be o(-6). Suppose p*w + 330 = 8*w. Calculate the greatest common divisor of w and 10.
10
Suppose f - g - 11 = 0, 3*g - 12 = -4*f + 11. Calculate the highest common divisor of f and 24.
8
Let s be 112/24*3/2. Calculate the greatest common factor of 7 and s.
7
Let p(b) = -b**3 + 21. Let j be p(0). What is the highest common factor of j and 189?
21
Suppose -3*b + 5*b - 48 = 0. Calculate the highest common divisor of 60 and b.
12
Suppose 5 + 19 = c. Let x be (-1081)/(-5) - 6/30. Calculate the highest common factor of x and c.
24
Suppose 0*h + 5*r = -3*h + 119, -58 = -h + 2*r. Let w be (-2 - 1) + 2 + 0. Let t be -64*-2*w/(-4). Calculate the highest common factor of h and t.
16
Let o be (21/(-4))/((-3)/8). Suppose 4*s + h - 24 = 0, 0 = -2*s - h + o. Let b = 12 + -7. What is the greatest common divisor of b and s?
5
Let d = 29 + -9. Suppose -2*l - 4 = -q, -5*l = 4*q - 48 - d. What is the greatest common divisor of q and 60?
12
Let b be ((-15)/(-12))/((-2)/(-144)). What is the highest common divisor of 60 and b?
30
Let o(p) = -p**3 + 9*p**2 - 9*p + 9. Let b be o(6). Suppose 1 = 4*k - b. What is the greatest common factor of k and 16?
16
Let d be 8/(-4)*10*-2. Suppose 0 = -2*a - 10 + d. Calculate the highest common divisor of a and 10.
5
Suppose -2*c + 7 = -23. Calculate the highest common factor of c and 120.
15
Let u be (-2)/13 - 45/(-39). Let r be 42/((-1)/u - -3). What is the highest common divisor of r and 42?
21
Let b be ((-8)/6)/((-2)/12). Let w be 9*(-1 - b/(-3)). What is the greatest common divisor of w and 10?
5
Suppose -104 = -3*w + c + 3*c, 60 = w + 5*c. What is the greatest common factor of 5 and w?
5
Suppose -4*w + 80 = 5*g - 510, -4*w - 436 = -4*g. Calculate the highest common factor of 76 and g.
38
Suppose -2*f + f - 5*l